the prime factors of n.
2, 1949
Let m be (-8 - -558) + 4 + (-6 - -3). Let q = -214 + m. List the prime factors of q.
337
Let z(k) = 2037*k**2 + 88*k - 444. What are the prime factors of z(4)?
2, 5, 13
Suppose -5*h + 41 = -569. Let f = h - 136. Let m(a) = a**2 + a - 2. List the prime factors of m(f).
2, 3, 5
Let w = 10543 + -6887. List the prime factors of w.
2, 457
Let c be (-6 - -1) + 26 + -25 + 1472. Suppose 2*p = 4*q + c, q + 3057 = 5*p - 586. List the prime factors of p.
2, 7, 13
Suppose 7202*l = 7199*l + 89472. What are the prime factors of l?
2, 233
Suppose 0*k = 5*s + 3*k - 42300, 3*k = -4*s + 33837. What are the prime factors of (s/(-155))/((-1)/5)?
3, 7, 13
Suppose -3*l = 4*m - 57305, 65*m + 38196 = 2*l + 64*m. What are the prime factors of l?
71, 269
Let z(l) = -3*l + 16*l + 27 - 44*l. What are the prime factors of z(-5)?
2, 7, 13
Let y = -46 - -50. Suppose 2*c = 5*n - 867, -c - 693 = -0*n - y*n. What are the prime factors of n?
173
Let k(c) = 118*c**2 - c - 5. Let d be k(-2). Suppose 466*h = d*h - 1290. List the prime factors of h.
2, 5, 43
Let r(o) = o + 1681. Let v be r(0). Let d = v - 407. What are the prime factors of d?
2, 7, 13
Let k be (-120)/25*(-5)/2*21. Let s = k - 155. List the prime factors of s.
97
Let q be (160/25)/(3*4/690). Suppose 0 = -7*l + q + 1452. List the prime factors of l.
2, 5, 13
Suppose -2*h + 9 = h, 0 = s - 2*h + 60. List the prime factors of (-70)/(-7)*(-4)/(16/s).
3, 5
Suppose -201785 = -3*p - 4*a, -4*a = -5*p + 168454 + 167801. What are the prime factors of p?
5, 13451
Let n = -70 + 72. Let p(v) = 355*v - 14. Let a be p(n). Suppose 6*s - a = 636. What are the prime factors of s?
2, 3, 37
Let z be (-5)/(-4)*-2*-2. Suppose 0 = -z*q - 5*w + 875, 0 = q - 2*w - 138 - 49. Suppose q - 12 = 3*i - 4*j, 0 = 3*j - 3. What are the prime factors of i?
3, 19
Suppose 3 = v, 2*b - 3*v - 1310 - 949 = 0. Let c = -512 + b. What are the prime factors of c?
2, 311
Let t(y) = y + 4. Let v be t(6). Suppose 0 = 2*q - u - 5, -2*q = -v*u + 5*u - 9. Suppose q*x - 4*x = -200. List the prime factors of x.
2, 5
List the prime factors of 1*-9 - 2634984/(-594).
19, 233
Let a(i) = 11*i - 35. Let u be a(41). Let o = 1136 - u. What are the prime factors of o?
2, 3, 5
Suppose -5*f = 3*j + 118, -41 = 5*j - 4*f + 131. List the prime factors of j/1*(-5)/((-15)/(-18)).
2, 3
Suppose 4*s - 3*s = 4*n - 137, 99 = 3*n + 3*s. Let g = n + -22. List the prime factors of 4 + 16 + g/(-3).
2
Suppose 0 = 25*t - 125 + 25. Suppose -8*a = -5*a - 15, t*a = -2*r + 332. List the prime factors of r.
2, 3, 13
Suppose 14 = -3*f + 5*f + 5*i, 3*f = 2*i + 2. Suppose -5*t - 4099 = -2*c, -f*t + 0*c - 1630 = 4*c. Let s = -581 - t. What are the prime factors of s?
2, 7, 17
Let c = -499 - -546. Suppose 65449 = c*a + 23055. What are the prime factors of a?
2, 11, 41
Let u(g) = 2*g**2 + 10*g + 6. Let r be u(-8). Suppose 17*q = 9616 - 8562. Let d = q + r. List the prime factors of d.
2, 29
Let l = -180 - -169. What are the prime factors of (-12 - l)*-1 - (1 - 221)?
13, 17
Let j be (11/33)/(-1 + 20/18). Suppose -169 = -j*g + 2*g. What are the prime factors of g?
13
Suppose 0 = -2*f + 3*x + 16525, 150*x = 5*f + 145*x - 41315. List the prime factors of f.
2, 1033
Suppose 12 = -4*a + 4. Let c be -502*(-3 + (-5)/a). Suppose 61 = 6*x - c. List the prime factors of x.
2, 13
Suppose -2*i = -l - 2*l - 973, 2*i - 978 = -2*l. Suppose -18598 = -54*d - 4504. Let y = i - d. What are the prime factors of y?
227
Suppose -3*m = 5*w - 91291 - 77815, 67673 = 2*w - 9*m. What are the prime factors of w?
149, 227
Let j(i) = -i**2 - 2*i - 8. Let m be j(0). Let a(o) = o**2 + 8*o + 6. Let q be a(m). List the prime factors of 4/q - (-489)/9.
5, 11
Let v = 106 - 14. Let y = -87 + v. Suppose 23 + 157 = y*m. What are the prime factors of m?
2, 3
Suppose -1213 - 6633 - 3970 = -14*o. List the prime factors of o.
2, 211
Suppose 759*a - 677*a = 2064924. List the prime factors of a.
2, 3, 1399
Let c be (7/3 - 0)/((-10)/(-10980)). Let r = c - 1441. List the prime factors of r.
19, 59
Let w = -4058 - -5598. What are the prime factors of w?
2, 5, 7, 11
List the prime factors of (-219534)/(-13) - (-870)/(-3770).
3, 13, 433
Let n = 312 + -975. Let m = n - -1246. What are the prime factors of m?
11, 53
Suppose 0 = -32*s + 29*s - b + 71884, -3*s - 2*b + 71885 = 0. List the prime factors of s.
3, 7, 163
Suppose 14*t - 11*t + 32078 = 4*t. What are the prime factors of t?
2, 43, 373
Let j(u) = u**3 - 5*u + 2. Let l be (8 - 4) + -4 + 2. Let k be j(l). Suppose -82 = -t - k*t + 4*a, -2*t + a = -157. What are the prime factors of t?
2, 3, 13
Suppose -5*m = -k - 258319, k = -3*m + 3*k + 154983. What are the prime factors of m?
5, 10333
Suppose 3*q + 342 = 1140. Let p = -68 + q. List the prime factors of ((-45)/(-6))/(-3)*p/(-15).
3, 11
Suppose 281 = q - 2*n, -30*n + 31*n - 1416 = -5*q. What are the prime factors of q?
283
List the prime factors of (-1)/(-3) + 0 + 2297470/105 - -3.
2, 5471
Let a = -10256 + 17569. What are the prime factors of a?
71, 103
Suppose -11 - 11 = -2*b. Let h(w) = -w**3 + 12*w**2 - 11*w + 5. Let q be h(b). Suppose 2*t - 1064 = -q*g, 5*g - 4*g = 2*t + 220. List the prime factors of g.
2, 107
Let p = 2147 - 741. Suppose -i + 146 - 610 = -c, 3*c + 4*i - p = 0. What are the prime factors of c?
2, 233
Let l = -195 - 55. Let o = l - -518. Let z = 402 - o. What are the prime factors of z?
2, 67
Suppose 8*v + 674 = -158. Let j = 512 + v. Suppose -4*s + j = -5*m, 2*s = 6*s + 4*m - 372. What are the prime factors of s?
97
Let h = -24 + 30. Let b(r) = -r**2 + r + 2. Let m(z) = 3*z**2 - 2*z - 6. Let n(i) = 8*b(i) + 3*m(i). List the prime factors of n(h).
2, 23
What are the prime factors of (-2 - 3/9)/((-46)/121578)?
7, 881
Let j = -190 + 345. Suppose -136*x + j = -135*x. List the prime factors of x.
5, 31
Let l(q) = -4*q - 3. Suppose 2*w - 3 = 5*o, 3*o = -0*w - 3*w - 6. Let s be l(o). What are the prime factors of (s/(-3))/(1/(-87))?
29
Suppose 174*t - 169*t - 10 = 0. Suppose -t*u = 4*h - 0 - 408, -u + 5*h = -169. List the prime factors of u.
2, 97
Let l = -19063 + 42698. List the prime factors of l.
5, 29, 163
Let s be (-280)/84*12/(-10). Suppose -4748 = -4*i - s*n, -5*i + n = 3*n - 5944. What are the prime factors of i?
2, 5, 7, 17
Let b = -237 - -254. Suppose -812 = -0*j - 2*j. Suppose 0 = 3*a - b*a + j. What are the prime factors of a?
29
Suppose 0 = 19*q - 99184 - 103527. List the prime factors of q.
47, 227
Suppose -u - n + 15 = 0, -27 = 4*u + 3*n - 84. Let o(h) = -109*h - 3. Let r(c) = 173*c + 5. Let j(v) = -8*o(v) - 5*r(v). List the prime factors of j(u).
83
Let v = -159 - -214. Let n = v - -53. List the prime factors of n.
2, 3
List the prime factors of (-1 - (-3)/2) + (-148063223)/(-1694).
3, 5, 5827
Suppose -3*w - w = -4*i - 148, i = -4. Let x = -36 + w. List the prime factors of 1 + 1 - (-1 - x)*-37.
2, 19
Suppose -85284 = -4*s + 74*n - 69*n, 4*s - 3*n - 85284 = 0. List the prime factors of s.
3, 23, 103
Suppose -6 = 5*t - 2*t + 5*f, -3 = -4*t - 3*f. Suppose -o = -2*i + 15 + 9, -t*o = -2*i + 32. Suppose 4*q - 78 = i. List the prime factors of q.
2, 11
Let z be -695*(-6 + 0 - -5). Suppose -4252 = -3*l - 2*m + z, 2*l - 5*m = 3279. List the prime factors of l.
3, 61
Suppose -22*c + 101400 = 17*c. List the prime factors of c.
2, 5, 13
Let k = 10553 - 3774. What are the prime factors of k?
6779
Let j = 10 - 8. Suppose 4*u + 3107 = 3*h - 747, j*u = -2*h + 2574. List the prime factors of h.
2, 643
Let c(x) = -165*x - 112. Let w be c(-13). Suppose 5*d - 3240 = -5*h, 5*h - 5*d = w + 1227. What are the prime factors of h?
2, 5, 13
Suppose -6 = 4*x + 2, 2*y - 5*x = 2072. Let b = y + -499. Suppose b = 4*o + 32. What are the prime factors of o?
5
Suppose 2*u - 2 = -2*s, -7 = -4*s - 6*u + 5*u. Suppose 5 = -4*x - 3, s*x = -4*g + 2908. What are the prime factors of g?
2, 7, 13
List the prime factors of (32/4 - 1) + 7063 + -2.
2, 3, 19, 31
Let h(v) = 1704*v**2 + 16*v - 42. What are the prime factors of h(2)?
2, 41, 83
Let b(u) = -2*u - u**3 - u**3 - 3*u**2 + u**3 + 10. Let j be b(-5). Let q = 148 - j. List the prime factors of q.
2, 3, 13
Let u = 55 - 10. Let m = -45 + u. Let w(n) = -n**2 + n + 89. What are the prime factors of w(m)?
89
Suppose -5*m + 116*i - 115*i = -24426, -5*i = -20. What are the prime fac